{"id":12,"date":"2017-12-20T10:23:50","date_gmt":"2017-12-20T08:23:50","guid":{"rendered":"https:\/\/www.lohikalojenystavat.fi\/?page_id=12"},"modified":"2021-08-19T11:22:52","modified_gmt":"2021-08-19T09:22:52","slug":"liity-yhdistykseen","status":"publish","type":"page","link":"https:\/\/www.lohikalojenystavat.fi\/index.php\/liity-yhdistykseen\/","title":{"rendered":"Liity yhdistykseen"},"content":{"rendered":"<h1>J\u00e4seneksi<\/h1>\n<p>Liity j\u00e4seneksi ja tue yhdistyksen ty\u00f6t\u00e4. J\u00e4senmaksu on 20\u20ac vuodessa. Yhdistyksille ja yrityksille j\u00e4senmaksu on 200\u20ac\/ vuosi. J\u00e4senmaksun voit maksaa yhdistyksen tilille ja l\u00e4hett\u00e4\u00e4 yhteystietosi alla olevalla lomakkeella tai s\u00e4hk\u00f6postilla esa.huupponen(at)gmail.com. Liit\u00e4 mukaan nimesi ja s\u00e4hk\u00f6postiosoitteesi.<\/p>\n<p><strong>Yhdistyksen tili<\/strong><\/p>\n<p>Saimaan lohikalojen yst\u00e4v\u00e4t Ry<\/p>\n<p>FI40 54060320039455<\/p>\n<p>R\u00e4\u00e4kkyl\u00e4n Osuuspankki<\/p>\n<p>&nbsp;<\/p>\n<h1>Liityn j\u00e4seneksi<\/h1>\n<p>T\u00e4yt\u00e4 v\u00e4hint\u00e4\u00e4n *-merkityt kent\u00e4t ja valinnat.<\/p>\n\n<div class=\"wpcf7 no-js\" id=\"wpcf7-f127-o1\" lang=\"en-US\" dir=\"ltr\" data-wpcf7-id=\"127\">\n<div class=\"screen-reader-response\"><p role=\"status\" aria-live=\"polite\" aria-atomic=\"true\"><\/p> <ul><\/ul><\/div>\n<form action=\"\/index.php\/wp-json\/wp\/v2\/pages\/12#wpcf7-f127-o1\" method=\"post\" class=\"wpcf7-form init\" aria-label=\"Contact form\" novalidate=\"novalidate\" data-status=\"init\">\n<fieldset class=\"hidden-fields-container\"><input type=\"hidden\" name=\"_wpcf7\" value=\"127\" \/><input type=\"hidden\" name=\"_wpcf7_version\" value=\"6.1.5\" \/><input type=\"hidden\" name=\"_wpcf7_locale\" value=\"en_US\" \/><input type=\"hidden\" name=\"_wpcf7_unit_tag\" value=\"wpcf7-f127-o1\" \/><input type=\"hidden\" name=\"_wpcf7_container_post\" value=\"0\" \/><input type=\"hidden\" name=\"_wpcf7_posted_data_hash\" value=\"\" \/>\n<\/fieldset>\n<p><label> Nimi *<br \/>\n<span class=\"wpcf7-form-control-wrap\" data-name=\"your-name\"><input size=\"40\" maxlength=\"400\" class=\"wpcf7-form-control wpcf7-text wpcf7-validates-as-required\" aria-required=\"true\" aria-invalid=\"false\" value=\"\" type=\"text\" name=\"your-name\" \/><\/span> <\/label>\n<\/p>\n<p><label> L\u00e4hisoite *<br \/>\n<span class=\"wpcf7-form-control-wrap\" data-name=\"osoite\"><input size=\"40\" maxlength=\"400\" class=\"wpcf7-form-control wpcf7-text wpcf7-validates-as-required\" aria-required=\"true\" aria-invalid=\"false\" value=\"\" type=\"text\" name=\"osoite\" \/><\/span> <\/label>\n<\/p>\n<p><label> Postinumero\/-toimipaikka *<br \/>\n<span class=\"wpcf7-form-control-wrap\" data-name=\"Postinumerotoimipaikka\"><input size=\"40\" maxlength=\"400\" class=\"wpcf7-form-control wpcf7-text wpcf7-validates-as-required\" aria-required=\"true\" aria-invalid=\"false\" value=\"\" type=\"text\" name=\"Postinumerotoimipaikka\" \/><\/span> <\/label>\n<\/p>\n<p><label> Puhelinnumero *<br \/>\n<span class=\"wpcf7-form-control-wrap\" data-name=\"puhelin\"><input size=\"40\" maxlength=\"400\" class=\"wpcf7-form-control wpcf7-tel wpcf7-validates-as-required wpcf7-text wpcf7-validates-as-tel\" aria-required=\"true\" aria-invalid=\"false\" value=\"\" type=\"tel\" name=\"puhelin\" \/><\/span> <\/label>\n<\/p>\n<p><label> S\u00e4hk\u00f6posti *<br \/>\n<span class=\"wpcf7-form-control-wrap\" data-name=\"your-email\"><input size=\"40\" maxlength=\"400\" class=\"wpcf7-form-control wpcf7-email wpcf7-validates-as-required wpcf7-text wpcf7-validates-as-email\" aria-required=\"true\" aria-invalid=\"false\" value=\"\" type=\"email\" name=\"your-email\" \/><\/span> <\/label>\n<\/p>\n<p><label> Haluan kuulua Whatsapp-ryhm\u00e4\u00e4n *<\/label><br \/>\n<span class=\"wpcf7-form-control-wrap\" data-name=\"Whatsappryhma\"><span class=\"wpcf7-form-control wpcf7-radio\"><span class=\"wpcf7-list-item first\"><label><input type=\"radio\" name=\"Whatsappryhma\" value=\"Kyll\u00e4\" \/><span class=\"wpcf7-list-item-label\">Kyll\u00e4<\/span><\/label><\/span><span class=\"wpcf7-list-item last\"><label><input type=\"radio\" name=\"Whatsappryhma\" value=\"Ei\" \/><span class=\"wpcf7-list-item-label\">Ei<\/span><\/label><\/span><\/span><\/span>\n<\/p>\n<p><label> Haluan kuulua s\u00e4hk\u00f6postituslistalle *<\/label><br \/>\n<span class=\"wpcf7-form-control-wrap\" data-name=\"sahkopostituslistalle\"><span class=\"wpcf7-form-control wpcf7-radio\"><span class=\"wpcf7-list-item first\"><span class=\"wpcf7-list-item-label\">Kyll\u00e4<\/span><input type=\"radio\" name=\"sahkopostituslistalle\" value=\"Kyll\u00e4\" \/><\/span><span class=\"wpcf7-list-item last\"><span class=\"wpcf7-list-item-label\">Ei<\/span><input type=\"radio\" name=\"sahkopostituslistalle\" value=\"Ei\" \/><\/span><\/span><\/span>\n<\/p>\n<p><label> Viesti yhdistykselle<br \/>\n<span class=\"wpcf7-form-control-wrap\" data-name=\"textarea-314\"><textarea cols=\"40\" rows=\"10\" maxlength=\"2000\" class=\"wpcf7-form-control wpcf7-textarea\" aria-invalid=\"false\" name=\"textarea-314\"><\/textarea><\/span> <\/label>\n<\/p>\n<p><input class=\"wpcf7-form-control wpcf7-submit has-spinner\" type=\"submit\" value=\"L\u00e4het\u00e4\" \/>\n<\/p><div class=\"wpcf7-response-output\" aria-hidden=\"true\"><\/div>\n<\/form>\n<\/div>\n\n<p>&nbsp;<\/p>\n<p>&nbsp;<\/p>\n","protected":false},"excerpt":{"rendered":"<p>J\u00e4seneksi Liity j\u00e4seneksi ja tue yhdistyksen ty\u00f6t\u00e4. J\u00e4senmaksu on 20\u20ac vuodessa. Yhdistyksille ja yrityksille j\u00e4senmaksu on 200\u20ac\/ vuosi. J\u00e4senmaksun voit maksaa yhdistyksen tilille ja l\u00e4hett\u00e4\u00e4 yhteystietosi alla olevalla lomakkeella tai s\u00e4hk\u00f6postilla esa.huupponen(at)gmail.com. Liit\u00e4 mukaan nimesi ja s\u00e4hk\u00f6postiosoitteesi. Yhdistyksen tili Saimaan lohikalojen yst\u00e4v\u00e4t Ry FI40 54060320039455 R\u00e4\u00e4kkyl\u00e4n Osuuspankki &nbsp; Liityn j\u00e4seneksi T\u00e4yt\u00e4 v\u00e4hint\u00e4\u00e4n *-merkityt kent\u00e4t ja valinnat. &nbsp; &nbsp;<\/p>\n","protected":false},"author":1,"featured_media":0,"parent":0,"menu_order":0,"comment_status":"closed","ping_status":"closed","template":"","meta":{"footnotes":""},"class_list":["post-12","page","type-page","status-publish","hentry"],"_links":{"self":[{"href":"https:\/\/www.lohikalojenystavat.fi\/index.php\/wp-json\/wp\/v2\/pages\/12","targetHints":{"allow":["GET"]}}],"collection":[{"href":"https:\/\/www.lohikalojenystavat.fi\/index.php\/wp-json\/wp\/v2\/pages"}],"about":[{"href":"https:\/\/www.lohikalojenystavat.fi\/index.php\/wp-json\/wp\/v2\/types\/page"}],"author":[{"embeddable":true,"href":"https:\/\/www.lohikalojenystavat.fi\/index.php\/wp-json\/wp\/v2\/users\/1"}],"replies":[{"embeddable":true,"href":"https:\/\/www.lohikalojenystavat.fi\/index.php\/wp-json\/wp\/v2\/comments?post=12"}],"version-history":[{"count":15,"href":"https:\/\/www.lohikalojenystavat.fi\/index.php\/wp-json\/wp\/v2\/pages\/12\/revisions"}],"predecessor-version":[{"id":260,"href":"https:\/\/www.lohikalojenystavat.fi\/index.php\/wp-json\/wp\/v2\/pages\/12\/revisions\/260"}],"wp:attachment":[{"href":"https:\/\/www.lohikalojenystavat.fi\/index.php\/wp-json\/wp\/v2\/media?parent=12"}],"curies":[{"name":"wp","href":"https:\/\/api.w.org\/{rel}","templated":true}]}}